 base 2, what is -1100110011 - -1111101?
-1010110110
In base 9, what is -5 - -38173?
38167
In base 15, what is 1d7 - 4d?
189
In base 3, what is 221111 - -10202022?
11200210
In base 13, what is -ab6 - 17?
-b00
In base 14, what is -d2 - -163?
71
In base 4, what is 2020130002 + 0?
2020130002
In base 5, what is 4 + 4442313?
4442322
In base 7, what is -334 + -114?
-451
In base 8, what is -15233103 + 4?
-15233077
In base 5, what is -1 - 23001322?
-23001323
In base 5, what is 0 - 304210?
-304210
In base 14, what is -ba6 - -73?
-b33
In base 7, what is 124231 - 3?
124225
In base 16, what is -6e43 + 4?
-6e3f
In base 11, what is -75 + -4048?
-4112
In base 15, what is 1 - 84d5?
-84d4
In base 16, what is 0 + 237a9?
237a9
In base 13, what is 18 + -5994?
-5979
In base 5, what is 2013 + 323440?
331003
In base 6, what is -122 - -1303221?
1303055
In base 3, what is 10102011200 - -10?
10102011210
In base 16, what is cb4 + -16?
c9e
In base 15, what is 27cc + 89?
2866
In base 8, what is 633252 + -1?
633251
In base 6, what is 320132 + -104?
320024
In base 13, what is -38116 + 21?
-380c5
In base 8, what is 5 - -54072?
54077
In base 5, what is -2243333 + -11?
-2243344
In base 6, what is 1020435 - 1?
1020434
In base 10, what is 179674 - 3?
179671
In base 7, what is 2605403 - 1?
2605402
In base 16, what is 2d4 - 2a?
2aa
In base 9, what is -8 - -50307?
50288
In base 16, what is 8415 + -1f?
83f6
In base 3, what is 2 + 101122012?
101122021
In base 10, what is -49 - -188?
139
In base 6, what is 1 - 5011450?
-5011445
In base 13, what is aa54b4 + 0?
aa54b4
In base 11, what is 1140 - 1453?
-313
In base 7, what is 154014 - 0?
154014
In base 4, what is 13 - -233210111?
233210130
In base 4, what is 112201 + -103203?
2332
In base 11, what is 12 + -130?
-119
In base 9, what is 385 - -820?
1315
In base 12, what is 1b + -b49b?
-b480
In base 12, what is 38 + 1976?
19b2
In base 14, what is 0 + 239a?
239a
In base 10, what is -62864 - -1?
-62863
In base 8, what is -1216 + 225?
-771
In base 16, what is 2e + -1ec?
-1be
In base 15, what is -372d - -5?
-3728
In base 5, what is 20032224 - -2?
20032231
In base 11, what is -3242 - 38?
-327a
In base 10, what is 33 - 17257?
-17224
In base 5, what is 2 + -43430110?
-43430103
In base 7, what is -5612454 + 0?
-5612454
In base 7, what is -4 + 6640?
6633
In base 5, what is -21 - 1221?
-1242
In base 6, what is 1 + 4504?
4505
In base 10, what is 293 - 1179?
-886
In base 4, what is 10033201 + 1?
10033202
In base 11, what is -4a169 - -9?
-4a160
In base 15, what is -15a9 - -410?
-1199
In base 11, what is -36 + -1257?
-1292
In base 7, what is -11 - 3034?
-3045
In base 2, what is -10100 + 1000110010000000?
1000110001101100
In base 6, what is 3 + 2001535?
2001542
In base 8, what is 2764004 + -2?
2764002
In base 2, what is -100001000011 - -1100010?
-11111100001
In base 8, what is -2 - 1767466?
-1767470
In base 8, what is -146 + -3271?
-3437
In base 16, what is -5ae + 207?
-3a7
In base 14, what is -86d + -143?
-9b2
In base 16, what is 279f1c + 2?
279f1e
In base 13, what is -7 + -27022?
-27029
In base 12, what is 1b34 - -80?
1bb4
In base 11, what is 1017 - -7a1?
1808
In base 13, what is 38 + 1725?
1760
In base 4, what is -1332211 + 2?
-1332203
In base 7, what is -32 + -242115?
-242150
In base 6, what is 511302 + 45?
511351
In base 16, what is -21eb4 - 1?
-21eb5
In base 9, what is 133 + -11287?
-11154
In base 2, what is -11100111100110 - 1000?
-11100111101110
In base 13, what is 0 - -81c82?
81c82
In base 15, what is -23 - 5196?
-51b9
In base 8, what is -11 - 11152?
-11163
In base 8, what is 1220362 + -3?
1220357
In base 16, what is 2895d - -6?
28963
In base 9, what is 62002 - 0?
62002
In base 10, what is 57 - 720?
-663
In base 5, what is -144023143 + 11?
-144023132
In base 10, what is 1 + 51005?
51006
In base 8, what is 37246 + -42?
37204
In base 2, what is 10 - 1011001001010110?
-1011001001010100
In base 6, what is 503215 + -11?
503204
In base 7, what is -3 + -2350446?
-2350452
In base 12, what is -a702 - 9a?
-a7a0
In base 5, what is -431 - -20141?
14210
In base 11, what is 1544 + -29?
1516
In base 7, what is -1054 - 2316?
-3403
In base 2, what is 110111001 - -1010001?
1000001010
In base 7, what is 2116 + 112?
2231
In base 15, what is -5 + e577b?
e5776
In base 4, what is 103311203 - -2?
103311211
In base 16, what is -c - -135e?
1352
In base 4, what is -12200 + 133?
-12001
In base 6, what is 22132500 + 2?
22132502
In base 8, what is -14276 - 253?
-14551
In base 5, what is -10011412 + 2?
-10011410
In base 9, what is 728 + -241?
477
In base 5, what is -2122 + -402042?
-404214
In base 3, what is 10000 + 2021110?
2101110
In base 4, what is -1001 + -3223?
-10230
In base 11, what is -3 - -23aa5?
23aa2
In base 14, what is 8 + a1a1?
a1a9
In base 12, what is -4b2 - 7ab?
-10a1
In base 8, what is -53 - -7265?
7212
In base 9, what is -302 + 75?
-216
In base 12, what is b972 - -3?
b975
In base 5, what is 1304042 - -3?
1304100
In base 4, what is -20030331 - -10?
-20030321
In base 4, what is 1 - 10012312101?
-10012312100
In base 13, what is b46 - -4?
b4a
In base 14, what is -6b - 6c9?
-756
In base 11, what is -1 + 27821?
27820
In base 8, what is -26 + -1220?
-1246
In base 9, what is 4 + 3600?
3604
In base 12, what is 1747 + -15?
1732
In base 4, what is 233111003 + -2?
233111001
In base 13, what is -189 + 3538?
337c
In base 7, what is -2 + -230110?
-230112
In base 2, what is 1111010010 + -10010111010?
-11101000
In base 13, what is -a13 + 20?
-9c3
In base 3, what is -221 - -1001112?
1000121
In base 7, what is 2025 + 1036?
3064
In base 14, what is -4d + 934?
8c5
In base 6, what is -4 - 344132?
-344140
In base 2, what is 10010100100 + -110?
10010011110
In base 14, what is 3 + 6da9?
6dac
In base 10, what is -6 + 1134730?
1134724
In base 3, what is -2021 + -10122022?
-10201120
In base 9, what is -2 - -12508?
12506
In base 10, what is 792 - -239?
1031
In base 14, what is 2bb + -dad?
-ad2
In base 11, what is 38a9 + -90?
3819
In base 3, what is 111202020022 - -2?
111202020101
In base 16, what is c1 - -e9?
1aa
In base 12, what is 146521 + b?
146530
In base 2, what is -1100111111010001 + -11000?
-1100111111101001
In base 11, what is 5 - 3a44a3?
-3a4499
In base 7, what is -44633 - -4?
-44626
In base 7, what is -160 - 264?
-454
In base 4, what is -1310032023 - -10?
-1310032013
In base 9, what is 35404 - -3?
35407
In base 10, what is -33 + 8177?
8144
In base 4, what is -12 - -213202?
213130
In base 11, what is 8 - 4634?
-4627
In base 7, what is 334240 + -3?
334234
In base 4, what is 333133 - -2231?
1002030
In base 6, what is 2054 - 111015?
-104521
In base 10, what is -5 + -278656?
-278661
In base 8, what is -61374 - 11?
-61405
In base 12, what is -4 - 3512?
-3516
In base 4, what is 10222022 + 2?
10222030
In base 12, what is 5 + -8066?
-8061
In base 16, what is -86 + 1e2b?
1da5
In base 5, what is 1112 - -1133?
2300
In base 13, what is -16c + 243?
a4
In base 2, what is -100011 - -1001000?
100101
In base 9, what is 12077 - 47?
12030
In base 9, what is 243628 - 4?
243624
In base 10, what is 228901 + 21?
228922
In base 10, what is 291528 - 5?
291523
In base 8, what is -30 + -341?
-371
In base 4, what is -1133310 - 20?
-1133330
In base 8, what is 630 - -14574?
15424
In base 8, what is -4461770 + 2?
-4461766
In base 16, what is cd13 - -1?
cd14
In base 12, what is -4b11 + -141?
-5052
In base 9, what is 15375 - -17?
15403
In base 8, what is -170 + -3017?
-3207
In base 9, what is -282 + 5381?
5088
In base 15, what is -4 + -593b4?
-593b8
In base 9, what is -248 - 1186?
-1445
In base 13, what is 19a - 265c?
-2492
In base 11, what is 3a46 - 3?
3a43
In base 4, what is -2303 - -12000?
3031
In base 15, what is 1c740 - -2?
1c742
In base 3, what is 2122201 - -111?
2200012
In base 8, what is 312 + 3203?
3515
In base 4, what is 2031 + -2103?
-12
In base 9, what is -13257 + 76?
-13171
In base 8, what is -106520 + -5?
-106525
In base 16, what is -f + a052?
a043
In base 2, what is 1010111000100 + -110011?
1010110010001
In base 10, what is 78 + 102?
180
In base 3, what is -202100001 + -101?
-202100102
In base 14, what is -75 - 65b?
-6d2
In base 2, what is 1010001000110011 + -101?
1010001000101110
In base 3, what is 101000021 - 10121?
100212200
In base 7, what is 14 + -106305?
-106261
In base 3, what is 100110